
True
Is 238 a factor of 3493602?
True
Does 72 divide 19472544?
True
Is 72 a factor of 310564065?
False
Is 84 a factor of 20323293?
False
Is 10058550 a multiple of 3?
True
Is 678 a factor of 36705685?
False
Does 20 divide 3192100?
True
Does 6 divide 194473615?
False
Is 118 a factor of 133013055?
False
Does 16 divide 1648226182?
False
Does 543 divide 263179611?
True
Does 220 divide 142980570?
False
Is 10558080 a multiple of 1324?
False
Does 10 divide 28050150?
True
Does 12 divide 128176512?
True
Is 25069132 a multiple of 1727?
True
Is 12479050 a multiple of 4?
False
Does 32 divide 418026656?
True
Does 860 divide 392331140?
True
Does 105 divide 47407285?
False
Is 79090530 a multiple of 11?
False
Is 135 a factor of 65227680?
True
Is 67260456 a multiple of 607?
True
Does 246 divide 40050768?
True
Is 168 a factor of 179642022?
False
Is 33 a factor of 1311950970?
True
Is 42 a factor of 782081927?
False
Is 6 a factor of 29613273?
False
Does 161 divide 1104094536?
False
Is 7 a factor of 345257892?
True
Is 5 a factor of 4089967?
False
Does 118 divide 159747220?
True
Does 103 divide 526569681?
True
Does 140 divide 22045940?
True
Is 58733112 a multiple of 720?
False
Is 219 a factor of 110798013?
True
Does 17 divide 75521823?
False
Is 1403233 a multiple of 52?
False
Is 2521499080 a multiple of 19?
False
Is 113 a factor of 336292407?
True
Is 37926862 a multiple of 193?
False
Is 22 a factor of 40550686?
True
Is 1116 a factor of 90662724?
True
Is 35 a factor of 740558291?
False
Does 22 divide 76388862?
True
Is 19 a factor of 287983?
True
Is 20361596 a multiple of 2?
True
Is 25287237 a multiple of 16?
False
Is 615533427 a multiple of 227?
True
Does 2065 divide 8937320?
True
Does 559 divide 202203157?
True
Does 96 divide 429239678?
False
Does 50 divide 1450373891?
False
Does 51 divide 21874908?
False
Is 7 a factor of 530583760?
True
Is 432 a factor of 42079032?
False
Is 37 a factor of 827621555?
False
Is 46 a factor of 2094206?
False
Is 35598475 a multiple of 1752?
False
Is 40828510 a multiple of 5?
True
Does 56 divide 53375784?
True
Is 805749705 a multiple of 79?
False
Is 80 a factor of 258665600?
True
Is 1411 a factor of 1254544087?
True
Is 51231200 a multiple of 16?
True
Is 73275312 a multiple of 44?
True
Is 47658976 a multiple of 32?
True
Is 534 a factor of 230872405?
False
Is 35 a factor of 355762330?
True
Does 725 divide 15853163?
False
Does 1046 divide 30792148?
True
Does 13 divide 2686366098?
True
Is 39 a factor of 16325283?
True
Is 75442895 a multiple of 233?
False
Does 7307 divide 13461120?
False
Does 876 divide 12888588?
True
Does 38 divide 352067040?
False
Is 4289216 a multiple of 29?
True
Is 12 a factor of 26245618?
False
Is 90933673 a multiple of 431?
True
Is 2709317270 a multiple of 5397?
False
Does 265 divide 578936755?
True
Is 55846034 a multiple of 103?
False
Is 34375312 a multiple of 687?
False
Is 592 a factor of 20449456?
True
Does 32 divide 1411483776?
True
Is 27 a factor of 2134026729?
True
Is 53396617 a multiple of 15?
False
Is 77 a factor of 30711505?
False
Does 326 divide 1440001?
False
Is 1203 a factor of 1500269506?
False
Is 55769472 a multiple of 198?
True
Is 205 a factor of 64712360?
False
Is 462 a factor of 38862110?
False
Does 11 divide 2344421370?
False
Is 738545346 a multiple of 3234?
True
Is 3513065572 a multiple of 37?
False
Is 137058 a multiple of 106?
True
Is 115030543 a multiple of 28?
False
Is 996605285 a multiple of 8605?
True
Is 874 a factor of 9206009?
False
Does 80 divide 2740320?
True
Does 176 divide 216089984?
True
Is 9785367 a multiple of 243?
True
Is 26 a factor of 166753840?
False
Does 190 divide 5708460698?
False
Is 27 a factor of 24720687?
True
Does 123 divide 56993990?
False
Does 102 divide 177249786?
True
Does 30 divide 40701942?
False
Does 80 divide 66427317?
False
Is 6 a factor of 1062242511?
False
Does 12 divide 152497600?
False
Is 1834441258 a multiple of 198?
False
Is 731446281 a multiple of 243?
True
Is 1941 a factor of 51486966?
True
Is 3 a factor of 21580410?
True
Is 8083 a factor of 361358598?
True
Does 2876 divide 1237232192?
True
Does 10 divide 790242840?
True
Does 49 divide 20521163?
False
Is 340 a factor of 7539840?
True
Is 14 a factor of 44469978?
True
Is 13 a factor of 10547693?
True
Does 593 divide 72424497?
False
Is 247733121 a multiple of 205?
False
Is 119667238 a multiple of 234?
False
Is 2157397853 a multiple of 38?
False
Is 318225723 a multiple of 10?
False
Is 4016650 a multiple of 218?
True
Is 5347 a factor of 261600746?
False
Is 296363936 a multiple of 11?
True
Is 263596856 a multiple of 418?
False
Does 26 divide 1118150?
False
Is 378 a factor of 22862692?
False
Is 73 a factor of 1334134412?
False
Is 165 a factor of 197929710?
True
Does 7 divide 1056493?
False
Is 195664917 a multiple of 19?
False
Is 151386287 a multiple of 4?
False
Does 282 divide 17118007?
False
Is 209 a factor of 97641665?
True
Is 27224891 a multiple of 6?
False
Is 43518728 a multiple of 596?
True
Is 31 a factor of 717075880?
True
Is 11 a factor of 47858536?
True
Is 10 a factor of 15934160?
True
Does 11 divide 93683326?
True
Is 12 a factor of 2002471700?
False
Is 434 a factor of 36719801?
False
Does 1443 divide 241163044?
False
Is 6 a factor of 59082938?
False
Is 584598950 a multiple of 3355?
False
Is 149040 a multiple of 135?
True
Does 1162 divide 197724791?
False
Is 7 a factor of 398320286?
True
Is 725 a factor of 330550067?
False
Is 10 a factor of 4889150?
True
Is 128893473 a multiple of 98?
False
Does 9 divide 44244908?
False
Is 38067106 a multiple of 287?
True
Does 474 divide 32230104?
True
Does 6 divide 14675392?
False
Does 2 divide 2641963?
False
Does 408 divide 117367835?
False
Is 595437273 a multiple of 427?
False
Does 1985 divide 1231023555?
True
Is 1083 a factor of 137581071?
True
Is 7799 a factor of 212728879?
False
Is 154582657 a multiple of 99?
False
Does 234 divide 3963831?
False
Is 31 a factor of 4611918082?
False
Is 1188120858 a multiple of 6?
True
Is 81 a factor of 683007982?
False
Is 61038400 a multiple of 100?
True
Is 16738524 a multiple of 129?
True
Is 247 a factor of 46441434?
True
Does 1238 divide 219329714?
False
Is 28257876 a multiple of 18?
True
Is 96 a factor of 177245184?
True
Is 274604229 a multiple of 14?
False
Is 2267104464 a multiple of 324?
True
Is 1257 a factor of 552239067?
True
Is 4030322153 a multiple of 621?
False
Does 125 divide 290734986?
False
Does 6 divide 77078873?
False
Is 3476 a factor of 365905100?
False
Is 865 a factor of 262482705?
False
Does 306 divide 23524668?
True
Is 87 a factor of 32991185?
False
Is 20 a factor of 802501520?
True
Is 1095 a factor of 52501965?
True
Is 26 a factor of 828744?
False
Does 215 divide 1231496686?
False
Is 276730554 a multiple of 2824?
False
Is 158 a factor of 4182576?
True
Is 313734556 a multiple of 903?
False
Is 4680232914 a multiple of 20?
False
Is 115461297 a multiple of 2499?
True
Is 2482 a factor of 581385420?
False
Is 37 a factor of 31016878?
True
Does 73 divide 81440114?
True
Is 208 a factor of 154307088?
True
Is 577481286 a multiple of 9?
False
Is 19745586 a multiple of 2?
True
Does 1196 divide 255538556?
True
Is 382989926 a multiple of 121?
True
Is 692614678 a multiple of 404?
False
Does 44 divide 1671426636?
True
Does 675 divide 58222125?
True
Is 4769 a factor of 1165090545?
True
Is 60 a factor of 1019508393?
False
Does 461 divide 80267937?
True
Does 34 divide 474838859?
False
Is 64012981 a multiple of 29?
False
Is 222794768 a multiple of 356?
True
Does 1202 divide 315816215?
False
Is 548 a factor of 4743850776?
True
Is 7 a factor of 866343447?
False
Is 24 a factor of 23332968?
True
Does 362 divide 211922402?
True
Is 2127 a factor of 9263085?
True
Does 8 divide 770882030?
False
Does 117 divide 6549894?
True
Does 647 divide 33399434?
True
Is 3666126 a multiple of 9?
False
Is 11524864 a multiple of 500?
False
Does 15 divide 90365465?
False
Is 2827398513 a multiple of 6243?
True
Is 954247704 a multiple of 3642?
True
Does 944 divide 100882447?
False
Is 178 a factor of 59779520?
True
Is 24956446 a multiple of 33?
False
Does 11 divide 114638115?
False
Is 3586578 a multiple of 24?
False
Is 396008217 a multiple of 153?
True
Is 37 a factor of 27853415?
True
Is 227832823 a multiple of 1473?
False
Is 903 a factor of 434600520?
False
Is